= k*h - 8*h. What are the prime factors of n?
3
Let h(n) = -n**3 - 14*n**2 - 3*n + 4. Let b(p) = -p**3 - 14*p**2 - 2*p + 3. Let y(z) = -6*b(z) + 5*h(z). What are the prime factors of y(-14)?
2, 11
Let a(w) = 4*w**3 + w + 3*w**2 + 0*w**3 - w**3 - 4*w**3. Suppose 4*q - 7 = 5. What are the prime factors of a(q)?
3
Let r(h) = -3*h**3 - 8*h**2. List the prime factors of r(-4).
2
Let c(l) = l**3 + 8*l**2 + 9*l + 4. Let s be (9/2)/((-33)/44). What are the prime factors of c(s)?
2, 11
Suppose -18*p - 79 = -19*p. List the prime factors of p.
79
Let a = -8 + 11. Suppose 0 = -3*i - 15, i + 101 = 3*u + a*i. List the prime factors of u.
37
Let w = -19 + 89. What are the prime factors of w?
2, 5, 7
Suppose 11*s = 14*s - 42. List the prime factors of s.
2, 7
Let q(t) = 2 + 3 - 16*t - t. Let o(m) = -4*m + 1. Let f(x) = 9*o(x) - 2*q(x). List the prime factors of f(-6).
11
Let d(t) = -t**3 + 2*t**2 + 2*t. Let h be d(3). What are the prime factors of 5 + (-4 - 3/h)?
2
Suppose 4*j - 403 = 5*h, 0*h + 191 = 2*j + h. What are the prime factors of j?
97
Let z(h) = -10*h. Let i be z(-3). Let w = i - 18. What are the prime factors of w?
2, 3
Let o = -43 + 131. List the prime factors of o.
2, 11
Let h = -11 + 13. Suppose 3*v = h*v + 9. List the prime factors of v.
3
Let f(h) = h + 2. Let q(z) = -z - 3. Let x(r) = -5*f(r) - 4*q(r). Suppose 0 = -4*o - 20 - 0. List the prime factors of x(o).
7
Suppose -k = k + 24. What are the prime factors of 15/2 - 6/k?
2
Suppose -2*d = -5*f - 7*d + 150, 0 = -2*f - 5*d + 48. What are the prime factors of f?
2, 17
Let y = 64 + -62. Let f be (-2)/4 - (-2)/4. Suppose -n + m + 7 = f, -4*n + 23 + 15 = -y*m. What are the prime factors of n?
2, 3
Let n = 8 - 14. Let q = n - 1. Let k = q + 12. List the prime factors of k.
5
Suppose p = -0 + 4. Suppose -32 = -v - 4*u, p*v = -2*u + 93 - 21. Suppose 3*f = -3, 0 = -3*m + 4*f + v + 21. What are the prime factors of m?
11
Let g = 10 - 5. Let p(d) = d**3 - 6*d**2 + 5*d. Let h be p(g). What are the prime factors of -1*(-10 + h/(-1))?
2, 5
Suppose -2*l - l = 0. Suppose -76 + 9 = -2*k - 5*j, 5*k - j - 181 = l. List the prime factors of 1/(-2)*k/(-2).
3
Let n be (-2 - -2)*(-3)/6. Suppose n*k + c + 80 = 3*k, -56 = -2*k - 2*c. What are the prime factors of k?
3
Suppose 2*c - 5*c + m + 312 = 0, 5*m - 15 = 0. What are the prime factors of c/20*(2 + 2)?
3, 7
Let k be (-1)/(-1)*(1 + 1). Let p(z) = -2*z**k + 0*z**3 - z**3 - 2*z + 7*z**2. What are the prime factors of p(3)?
2, 3
Let q(m) = m - 11. Let c be q(11). Suppose 3*r + 3*r - 306 = c. What are the prime factors of r?
3, 17
Suppose -3*g - 135 = -4*j, 2*g - 169 = -5*j + 17. List the prime factors of j.
2, 3
Let d(v) = -v + 1. Let y be d(-7). Suppose y*x = 3*x + 130. What are the prime factors of x?
2, 13
Suppose 0 = -z - 1 + 5. Suppose -2*a + 10 + 2 = z*v, 5*a = -2*v + 6. Suppose 2*m = -y + 28, y = -2*m + v*m - 14. What are the prime factors of m?
2, 7
Let p(q) = q**2 + 12*q + 15. What are the prime factors of p(-12)?
3, 5
Let w(v) = v**2 - 2*v + 153. List the prime factors of w(0).
3, 17
Let i(c) = -2*c + 2. Let d be i(-9). Suppose 0*f - 4*f + d = 0. List the prime factors of f.
5
Suppose 0 = -l + 6*l + 25. Let b = l - -19. What are the prime factors of b?
2, 7
Let m be (-9 - 3)*(-1)/3. Suppose -m*k = k - 80. List the prime factors of k.
2
Let l(c) = c + 2. Let n be l(4). What are the prime factors of n/10 - 434/(-35)?
13
Suppose 256 + 172 = 4*c. List the prime factors of c.
107
Suppose 0 = -2*q - 3*i + 215, 0 = i + 6 - 3. Suppose 5*a = q + 73. List the prime factors of a.
37
Let d(c) = c**2 - 5*c - 21. List the prime factors of d(-5).
29
Let b = 2 - -2. Let l(h) = -3 + 2 + h - b. List the prime factors of l(7).
2
Suppose 2*g - 62 - 38 = 0. Suppose -4*z = -9*z - g. Let y = z + 21. List the prime factors of y.
11
Let a(b) = b. Let l(i) = -2*i - 16. Let q(o) = -3*a(o) - l(o). What are the prime factors of q(8)?
2
List the prime factors of (5/10)/((-1)/(-130)).
5, 13
Let w = -353 - -518. What are the prime factors of w?
3, 5, 11
Let y = 10 - 7. Suppose y*h - 11 - 4 = 0. What are the prime factors of h?
5
Let z(v) = -v**3 - 2*v**2 + v - 1. Let l be z(-2). List the prime factors of 9/l + 5 + 1.
3
Suppose c - 6*c + 1060 = 0. List the prime factors of c.
2, 53
Suppose -n + 66 = 4*f, -3*n + 5*f = -n - 119. What are the prime factors of n?
2, 31
Suppose 9*f = -4*m + 4*f - 97, -2*f - 134 = 5*m. Let v = -27 - -14. Let n = v - m. What are the prime factors of n?
3, 5
Let v = 28 + 3. What are the prime factors of v?
31
Suppose 0 = -2*n - 6*m + m - 19, 0 = n - 2*m - 4. Let a be 0/((-3)/(3/n)). Suppose a*l + 4*l - 21 = -q, 0 = l - 2*q - 12. What are the prime factors of l?
2, 3
Suppose x - 5*x + 48 = 0. Suppose -l - 2*l + x = 0. Suppose 0 = -2*g + 3*g - l. List the prime factors of g.
2
Suppose -v = 5*o - 0*v + 27, -v = o + 7. Let z = o - 25. Let s = -15 - z. List the prime factors of s.
3, 5
Let a = -13 + 74. What are the prime factors of a?
61
Let r(j) = -j**3 - 2*j**2 + j - 14. List the prime factors of r(-6).
2, 31
Let o(w) be the first derivative of w**3/3 + 5*w + 2. Let m be o(0). Suppose -5*j + 54 = -2*f, -3*j + m*f + 35 = -5. What are the prime factors of j?
2, 5
Suppose -2*w - 2*p + 84 = 0, -3*w - 3*p - 2*p + 130 = 0. Suppose -6*u + w = -u. List the prime factors of u.
2
Suppose -4*t = -6*t + 16. Let j be ((-10)/(-25))/((-1)/(-5)). Let a = t - j. List the prime factors of a.
2, 3
Let d be 5*18/(-15)*1. Let g = d + 14. What are the prime factors of g?
2
Suppose 12 = 4*i - 4. What are the prime factors of (i - 6)/(8/(-76))?
19
Suppose -24 = 21*h - 25*h. List the prime factors of h.
2, 3
Let m(g) = 8*g - 16. List the prime factors of m(8).
2, 3
Let t(c) = -2*c - 6. Let j(y) be the first derivative of -3*y**2/2 - 12*y - 1. Let k(g) = 3*j(g) - 5*t(g). What are the prime factors of k(8)?
2
Let m(f) = 4*f**2 - 3*f + 1. Let h = 3 - 1. What are the prime factors of m(h)?
11
Suppose -3*f - 5*k + 2 + 1 = 0, -3*f + 4*k + 30 = 0. Suppose -f*w - i = -w - 124, -4*w + 84 = -3*i. List the prime factors of w.
2, 3
Suppose 4*h + r + 17 = 0, h + 17 = -0*h + 4*r. Let j be (-31)/h + (-1)/5. List the prime factors of (20/j)/((-16)/(-24)).
5
Suppose -2*d = -5*z - 36, -5*d + 3*d - 3*z + 68 = 0. What are the prime factors of d?
2, 7
Suppose -6*h + 7*h - 70 = 0. What are the prime factors of h?
2, 5, 7
Let q(o) = o**3 + 8*o**2 - 4. What are the prime factors of q(-4)?
2, 3, 5
Suppose -3*o + 9 = 0, 2*s - 24 = -o + 3*o. What are the prime factors of s?
3, 5
Suppose -g = -8 - 3. Suppose 0 = -4*a + 20, -3*c + 50 = 2*a - g. List the prime factors of c.
17
Let g(o) = o**3 - 4*o**2 + o - 2. Let x be g(4). Suppose 2*d + 2*d - 2*f = 144, 0 = -x*d + 3*f + 64. What are the prime factors of d?
2, 19
Let f(w) be the third derivative of -w**5/60 + 3*w**4/8 - 7*w**3/6 - 3*w**2. List the prime factors of f(7).
7
Suppose -23 = 2*g - 107. List the prime factors of g.
2, 3, 7
Let s = 78 - 35. Suppose 65 = 3*k - s. List the prime factors of k.
2, 3
Suppose -2 - 4 = -2*v. Suppose 3*w = 7*w - 5*q - 7, 5*w + v*q - 18 = 0. Suppose -t + w = -7. What are the prime factors of t?
2, 5
List the prime factors of -6 + 85 - (0 + 1).
2, 3, 13
Let w(x) = 48*x - 7. List the prime factors of w(3).
137
Let u be 6/3 + 1 + -1. Let b = u + 2. List the prime factors of ((-15)/b)/(6/(-16)).
2, 5
Let y(o) = -o**2 - 11*o + 6. List the prime factors of y(-6).
2, 3
Let z(d) = d**2 + 5*d - 8. Let w be z(-7). Suppose -t + w = u - 14, 35 = u - 2*t. List the prime factors of u.
5
What are the prime factors of 1 + (1 - -166) - (-90)/(-30)?
3, 5, 11
Let n = 63 - 30. What are the prime factors of n?
3, 11
Let m(b) = -b**3 + 10*b**2 + 13*b - 9. What are the prime factors of m(11)?
13
What are the prime factors of ((-3)/5)/((-1)/65)?
3, 13
Suppose 5*y = -4*d - 13 - 11, 0 = 3*y + 12. List the prime factors of (1/d)/(6/(-24)).
2
Suppose -2*m + 40 = p, p - 6*m + 4*m = 36. Suppose 141 = 4*h - g, h - p = -3*g - 6. Let y = -19 + h. List the prime factors of y.
2
What are the prime factors of -16*((-63)/6)/7?
2, 3
Let y(x) = -x**3 + 5*x**2 + 8*x + 1. Let q(i) = -i**2 + 6*i + 4. Let f be q(6). Suppose -f*g + 30 = -3*s, g = -4*s - 2 - 0. List the prime factors of y(g).
13
Let t(h) = h**2 - 10*h + 3. Suppose 2*o = 4*c - 50, 0 = -4*c - 0*o - 5*o + 57